te number?
False
Let w be (-4)/(-10) - 1918/70. Is ((144/w)/8)/((-2)/8817) a composite number?
False
Let x(p) = p**2 + p - 9. Let m be x(-4). Suppose -2*a + 2*t = -466 - 428, 4*t = 2*a - 886. Suppose -4*w + 2908 = 5*z - a, 0 = -m*w - 5*z + 2518. Is w composite?
True
Let q(y) = y**3 - 4*y**2 - 3*y + 15. Let t be q(4). Suppose 3*u + 7 = -4*k, -2*u + 16 = -t*k - 2. Suppose 2*p + 5849 = u*r, -5350 = -3*r - p + 496. Is r prime?
True
Let s(y) = -7*y + 11. Let v be s(0). Let u be (6/(-3))/(1/52). Let x = v - u. Is x a prime number?
False
Let p be ((12/(-7))/(-1))/((-2)/(-7)). Is (-12781 + 0)/(4/p + -1) a prime number?
False
Suppose -134*n + 16555 = -139*n. Let f = n - -7600. Is f prime?
True
Let i(g) = 168*g - 24. Let h be i(5). Suppose -3*x - h = -5385. Is x a composite number?
False
Let b(l) = -2*l**3 + 2*l**2 - 5*l - 3. Let x be b(3). Is (6*6/x)/((-4)/1338) composite?
False
Let d be (-21 - -27)*(-1)/(-2). Suppose d*z - 14 = -k, -4*z = 3*k - 37 + 10. Suppose 4*p + 5*y = -0*p + 9427, -5*p = z*y - 11774. Is p a composite number?
True
Suppose 21*o + o = 4*o. Suppose -3*z + 1771 + 3800 = o. Is z a prime number?
False
Suppose -16 = -3*b - 28. Let a(s) = 932*s - 13. Let y be a(b). Let r = 5398 + y. Is r composite?
False
Let a(x) = 40*x**2 + 2*x + 3. Suppose -4*u + 10 - 2 = 0. Suppose u*o + 4 = 4*j, 0 = -0*o - 2*o - 2*j - 10. Is a(o) a composite number?
True
Let u(z) = 1310*z**2 + 10*z + 3. Suppose 4*k = 5*q - 23, 4*k - 2*q + 16 = -k. Is u(k) composite?
True
Let j be 8 + (-408)/52 - 313252/26. Let r = 6293 - j. Is r a prime number?
True
Let b = -5 - -7. Let y(g) = g**3 - g**2 - g - g - b*g**3 - 3*g. Is y(-7) a composite number?
True
Let d be (12820/25)/((-4)/(-10)). Let g(k) = k + 66. Let z be g(9). Suppose -d = z*i - 77*i. Is i a prime number?
True
Let j(m) = -15*m**2 - 6 + 16*m - 29 - 2*m**3 + 12. Let g be j(-15). Is (g/12)/(4/18) composite?
True
Suppose -23*d + 898521 = 5*d + 11*d. Is d composite?
False
Let f(l) = 31302*l**2 - 56*l - 175. Is f(-4) prime?
True
Let g(m) = m**3 - 14*m**2 + 29*m - 48. Let h be g(12). Suppose -4597 = -h*v + 1223. Is v a prime number?
False
Suppose 5*m = -j - 3*j + 6, -4*j = m - 14. Is ((-21324)/(-8) - j)*2 a composite number?
False
Suppose 3*u = -4*p + 76418, -5*p + 15*u - 20*u + 95525 = 0. Is p a prime number?
False
Let b(j) = 3576*j**2 + 10*j - 38. Let k be b(6). Suppose 0 = 14*r - 0*r - k. Is r a composite number?
True
Let o(s) = -239*s + 635. Let p be o(-30). Suppose -93 = -3*b - 0*b. Suppose 0 = -26*d + b*d - p. Is d prime?
False
Let k be (2 + 1)*(5 - 2). Suppose 0 = k*x - 4*x - 22795. Is x a prime number?
False
Suppose 3*m - 5*s + 4 = 0, -6*m = -m + 2*s - 14. Let q be (4/11)/m + (-184)/44. Is q - 27*(-2 - 5) a composite number?
True
Suppose -211 = -3*h + 4*v, -3*h = 2*h + v - 321. Suppose -71*w + 38814 = -h*w. Is w composite?
False
Suppose 49905 + 685977 = 21*x. Is (1 + 0)/(14/x) composite?
False
Let c = 335996 - 239463. Is c a prime number?
False
Let h = -185 - -120. Is (-10)/h + 305109/91 a prime number?
False
Let w(v) = 25124*v - 5017. Is w(9) a composite number?
True
Let g be ((-8)/(-2))/((-16)/56). Let b = g + 16. Suppose 5*t - 3*m = 280, -b*t + m + 4*m + 93 = 0. Is t a prime number?
True
Suppose 5*x + 0*x + 15 = 0. Let c be ((-4)/x)/(22/(-33)). Is c - (-22)/14 - 8808/(-21) a composite number?
False
Let f(j) = 6*j**2 + 5*j + 30. Let p(r) = -7*r**2 - 5*r - 32. Let u(a) = 6*f(a) + 5*p(a). Is u(-7) prime?
False
Let q = -276638 - -956619. Is q composite?
False
Suppose 4*i = 2*u - 14, -2*i - 4 = 2*u - 6. Suppose -3*v + 12 = -3, -u*v + 18325 = 2*p. Is p prime?
False
Is 2392947/13 - ((-1030)/(-65) + -16) a composite number?
False
Let b be 1*(0 - -437)/1. Suppose -2*r + s = b, 4*r + 3*s + s + 868 = 0. Is r*2/(-8)*10 composite?
True
Suppose 0 = c - 3 + 7. Let y be (0 + 3 + -7)/(12 + -10). Is (y - -5 - 0) + c - -2082 a composite number?
False
Suppose 234211 = -5*a + q + 1825049, -4*a - q = -1272683. Is a a composite number?
True
Let t(h) = 180*h**3 + 5*h**2 - 14*h + 113. Let v = 592 + -586. Is t(v) prime?
True
Let t(q) = -46*q**3 + 2*q**2 + 14*q + 45. Let j(z) = -z**3 - z**2 - 1. Let v(s) = 6*j(s) - t(s). Is v(14) prime?
False
Let i(s) be the third derivative of 287*s**5/60 - s**4/4 - 11*s**3/3 + 4*s**2 - 3*s. Is i(-3) prime?
True
Let w be (126/(-4) + -5 + 3)*-6. Suppose -2*m = 4*c - 362, -m + w = c - 3*c. Is m prime?
True
Let h(n) = n**2 - 126. Let j be h(0). Suppose -3*q + 872 = -z, 4*z - 372 = -2*q + 186. Let r = q + j. Is r a prime number?
True
Suppose -1488722 = -3*q - 60857. Is q prime?
False
Let j(t) = 14534*t - 497. Is j(17) prime?
False
Let p be ((-18)/15 - -2)/(1/30). Suppose 2*n = 4*b - 80, -2*n - p + 142 = 5*b. Is 5/(75/5646)*55/b a prime number?
True
Suppose 15*h - 884553 = -39*h + 11*h. Is h a composite number?
True
Suppose -i + 1 = 2*b, 3*b + 5*i - 5 = 2*b. Let h be b/((6 - 10) + 3/1). Suppose -z + 739 = -s - h*s, -2221 = -3*z + 5*s. Is z composite?
True
Suppose -86060 = -2*p + o, -p - 4*o + 43021 = -9*o. Is p composite?
True
Let i be (54/2)/(11 - 10). Suppose -9*s + 9 + i = 0. Suppose 25 = s*g - 779. Is g a prime number?
False
Is (-5)/40 + (-181159454)/(-368) composite?
False
Let i(u) = 188*u**2 + 21*u - 212. Is i(21) a composite number?
False
Is 3/15 + 333651438/285 prime?
True
Let a = 60711 + -111919. Let w = -29575 - a. Is w composite?
True
Let t(q) = 45*q**2 - 546*q + 1847. Is t(134) a composite number?
True
Let x(n) = -684*n - 17. Let b(v) = v - 1. Let m(f) = 4*b(f) - x(f). Is m(1) composite?
False
Is -4*(-501136)/(-64)*-3 a prime number?
False
Suppose 22663 = 3*s - 5*j, 9848 + 27969 = 5*s + 3*j. Is s a prime number?
True
Let a(k) be the third derivative of k**8/960 + k**7/1008 + k**6/720 + k**5/6 - 4*k**2. Let j(c) be the third derivative of a(c). Is j(-7) a composite number?
True
Suppose 389716 + 1740 = -26*f. Is (6/(-10))/(9/45) - f prime?
True
Let c(q) = q**3 + 11*q**2 - q - 8. Suppose -2*b + 2 - 44 = 0. Let r be -2 - (-9)/6 - b/(-2). Is c(r) composite?
False
Let m(t) = 1802*t**2 + 239*t + 238. Is m(-1) prime?
True
Suppose -4*d = 8, 3*r - d = 14709 + 2846. Is (r - 36) + (-2 - 2) + 2 composite?
False
Let w be 11267/(-1) - (12 + -6 + 3). Suppose 36 = -3*p + 4*m, -53 = 3*p + m - 2. Is -2*((-6)/8 - w/p) prime?
False
Let h = 6690 + 27907. Is h a composite number?
True
Let c = 90083 + -25714. Is c composite?
True
Let c = 168 + -89. Let y = c - 70. Is 3*-1*((-12813)/y - 6) a composite number?
False
Suppose -31*w = -579444 - 1827055. Is w prime?
False
Suppose 0 = 12*d + 57180 + 71280. Let v = -7368 - d. Is v a composite number?
True
Suppose 51*c = 58*c - 14. Suppose 5*y - 11*a + 8*a = 41021, 0 = -3*y - c*a + 24605. Is y a composite number?
True
Let q(p) = 57*p**2 - 13. Let g be 2 + (-2)/(-5) + 294/(-35). Let u be q(g). Suppose 4*s - u - 285 = 0. Is s composite?
True
Let j(c) = -2*c**2 + c - 1. Let r(d) = 25*d**2 + 118*d + 4. Let h(z) = -j(z) + r(z). Is h(12) prime?
True
Let h = 8 + -6. Suppose -5*n + 12505 = 2*t, 4*t - 25045 = -5*n + h*n. Suppose 6*i = -i + t. Is i prime?
False
Suppose -50*q + 3031791 + 3673759 = 0. Is q prime?
False
Suppose 2*u + 5*k = 257791, -5*k + 386694 = -u + 4*u. Is u a prime number?
True
Let i be (4/6 + -2)*(-306)/204. Suppose 4*r + i*z = 7348, -7*r + 4*z - 5511 = -10*r. Is r prime?
False
Is 6/(-12*13/(-12662234)) composite?
True
Let h be (455/13)/(15/6). Is h/4*417212/74 prime?
False
Let w be (77/(-21))/((-5)/45). Let l(o) = 6*o - 4*o**3 + o + 5*o - w + 2*o**3 + 29*o**2. Is l(14) a composite number?
False
Let z(n) = n**3 + 11*n**2 + 3*n - 5. Let h be z(-11). Let g = h + 54. Is (-2554)/(-8) + ((-20)/g - -1) prime?
False
Let b be (-1)/1 - (-2 + 3)*25. Let y = -47 - b. Is 5089 + (-3)/y + 2/(-14) a prime number?
False
Is 17616/21 + (-86)/(-602) a composite number?
False
Let a(l) = -l**2 - l + 2. Suppose 7*j = 2*j. Let m be a(j). Suppose y + 2993 = 2*i - 286, -4901 = -3*i - m*y. Is i composite?
False
Let j(s) = -805*s**3 - 4*s**2 + s + 6. Let x be j(-2). Let l = x + -4461. Is l a composite number?
True
Let j(t) = -121*t**2 - 6*t - 7. Let u be j(-2). Let f = -449 - -287. Let w = f - u. Is w a composite number?
False
Suppose -13*s + 12*s - 2*j + 448744 = 0, 0 = -5*s + 5*j + 2243660. Suppose 0 = 53*o - 85*o + s. Is o a prime number?
False
Let l(o) = 2829*o + 17. Suppose -40*p - 15*p 